 number?
False
Suppose -45 = -4*r - 5*u, 2*r + 7 = 5*u - 8. Suppose r*a - 5*o + 9 = -1, -5*a - 5*o = -10. Suppose a*m + 3 = m, -2*z + 3*m = -33. Is z prime?
False
Let r(x) = 17*x**2 + 27*x - 33. Is r(14) prime?
True
Let h be ((-3)/9)/(5/(-71445)). Suppose 9*g - h = -569. Is g a prime number?
False
Let q be ((-2)/(-2))/(2/10). Suppose -5*u + 5*a + 35 = -q, -5*u = 3*a. Suppose -6*x = -u*x - 165. Is x a prime number?
False
Let u = 0 + -1. Let q be u/(-7) + 116/(-28). Is ((-3)/(-6))/(q/(-296)) a composite number?
False
Let s(i) = i - 2 + 9 - 3*i + 12*i**2. Suppose 3*r + 8*j - 7*j + 7 = 0, -2*r - 8 = -j. Is s(r) a composite number?
True
Let m = 547 + -767. Let v = m + 56. Let w = v + 761. Is w a composite number?
True
Is 4831*(-4 - -5)*(3 - 2) a prime number?
True
Suppose 0 = b - a + 60, 0*b + 2*a + 69 = -b. Let v = b + 442. Is v prime?
True
Suppose 75820 = 14*n + 6*n. Is n prime?
False
Let a(w) = -29*w + 17. Suppose -5*u - h - 63 = 0, -4*h - 72 = 3*u + 2*u. Let i be ((-16)/6)/(u/(-36)). Is a(i) prime?
False
Let t(s) = 3*s - 6. Let b be t(3). Suppose z = -b*z + 196. Is z a composite number?
True
Let v(r) = -28*r - 20*r + 45*r. Suppose 0 = 4*z + 18 + 2. Is v(z) a prime number?
False
Let g be (-1)/(-2)*6 + -1. Suppose -2*f = -4*u - g, -4*f = 5*u - 17 - 0. Suppose 4*j - f*b = 13, j + 4*b = 18 + 9. Is j composite?
False
Suppose z + 31 = -4*b, 4*b - 2*b = -3*z - 13. Let h be (-1004)/b + 9/(-6). Let x = h - -99. Is x composite?
False
Let q be (-48)/20*80/(-3). Suppose -h = -0*h + q. Let j = h - -175. Is j a composite number?
True
Let z(h) = -h**2 - 9*h - 9. Let w be z(-8). Let j be (11/(-2))/(w/6). Is (j/(-6))/(3/(-18)) composite?
True
Suppose b = -q + 3*b + 8166, 0 = -2*b - 8. Is q a prime number?
False
Suppose -86*p + 117765 = -71*p. Is p composite?
True
Let w be ((-1)/(-2))/(2/(-8)). Let a be -442 + 4*1/w. Is 1/5 + a/(-5) prime?
True
Let n(k) be the first derivative of -k**3/3 - k**2/2 + 3*k + 7. Let c be n(0). Suppose 337 = -2*f + c*f. Is f a composite number?
False
Let u = -1 + -9. Let s be 2/10 - 28/u. Is 0/(s - 2) + 133 a prime number?
False
Suppose -4*s + 799 = -2169. Let f = s + 2043. Is f a composite number?
True
Let b = -27108 + 50917. Is b prime?
False
Let j = -1116 + 3823. Is j a prime number?
True
Let o be (-1)/(-2 + -1)*6. Let w(k) = 3 - k + 6*k + 4*k**2 - 9*k. Is w(o) composite?
False
Let m be (12/(8/(-2)))/(-1). Suppose -3*s + r = 1178, -788 = 2*s - r + m*r. Let x = -234 - s. Is x prime?
False
Let p(d) = 13*d**2 - 55*d - 281. Is p(-5) a prime number?
False
Is 16/24*(435994/4 + -1) a prime number?
False
Let g(o) = -o**2 - 6*o - 6. Let f be g(-4). Suppose c = -3*c + 2*b + 1164, 5*b - 582 = -f*c. Suppose -c = -3*d + 828. Is d a composite number?
False
Is 14/(-119) - 247528/(-68) - -1 composite?
True
Suppose -4*j = d + 13, -10 = j + 4*d + 12. Is j*((-729)/6 + 2) a prime number?
True
Is 1*(1276675/65 - 16/104) a prime number?
False
Let k(m) = 6*m + 56. Let o be k(-9). Is 1*o*(7 + (-7482)/(-12)) a prime number?
False
Let x(m) = -2*m**2 - 5*m - 3. Let y be (4 - -2) + (-6)/2. Let v(o) = 2*o**2 + 4*o + 2. Let i(k) = y*x(k) + 4*v(k). Is i(1) a prime number?
True
Let a(j) = 10*j**2 - j + 7393. Is a(0) a prime number?
True
Let c(n) = 4633*n - 3. Is c(4) a composite number?
True
Let m(z) = z**3 + 16*z**2 + 12*z - 19. Let f be m(-15). Let d = 30 - f. Suppose -d*r + 3*r + 677 = 0. Is r a prime number?
True
Let j(c) = c**3 + 2*c**2 - 7*c + 3. Let a be j(5). Let l be 29025/375 + (0 - 3/(-5)). Let o = a - l. Is o prime?
False
Suppose -4*s - 5*b + b = 8, 3*s - 18 = 3*b. Suppose 0 = o - 0*o + 4, 4*a - 16 = -s*o. Suppose 5*p + a = 21. Is p prime?
True
Is -10*(4 - ((-627)/(-6) - -5)) a composite number?
True
Let w(i) = 34*i**3 - 39*i**2 + 4*i - 10. Is w(9) a composite number?
True
Let o(g) be the third derivative of -g**6/120 + 7*g**5/30 - 7*g**4/12 - 7*g**3/6 - 15*g**2. Suppose -2*q = -z - 16, -2*z = 3*z - 20. Is o(q) prime?
False
Let o(p) = 172*p**2 - 2*p - 1. Suppose -9*x = -8*x + 2. Is o(x) a prime number?
True
Is 1*5669 - (-8)/16*-6 prime?
False
Suppose 5*k = -5*p + 20015, 2*k = 3*p - 10572 - 1457. Is p a prime number?
True
Let x(o) = -236*o + 1. Let s be (-6)/24*(-16)/(-4). Is x(s) a prime number?
False
Suppose 0 = -30*c + 91168 + 31442. Is c a composite number?
True
Suppose -3*m + 28 = -2*y, 0*m - m = 3*y - 24. Is ((-28)/m)/7*-1137 a prime number?
True
Let j be ((-27)/6)/((-2)/8). Suppose -19 = -l - 5*q, 2*q = -l - 2*l + j. Suppose a - l - 11 = 0. Is a composite?
True
Let g(f) = -f - 8. Let w be g(-8). Suppose w = 2*y - 3 - 3. Suppose 0 = -5*l - 5*q + 435, -y*l - 95 = -4*l + 3*q. Is l prime?
True
Is -1361*3*6/(-18) composite?
False
Suppose 20 = -4*o - 28. Suppose -5*p = -3*y - 11, -3 + 0 = 2*y + p. Is (-3)/(o/y)*-222 composite?
True
Let d = -364 - -762. Suppose -d + 1626 = 4*f. Is f composite?
False
Let u(f) = f**2 + 9*f - 11. Let x be u(-10). Is (-2887)/(-6) + x/6 prime?
False
Suppose -8 = -2*n, 2*f + 2*f = n - 60. Let u = f - -107. Is u prime?
False
Suppose 3*r + 9 = 0, 5*w + 15 = 3*w - 5*r. Let s(d) = d**2 + d + 739. Is s(w) composite?
False
Suppose 0 = -15*h + 4*h + 85987. Is h prime?
True
Let n(q) = 11*q - 18. Let u = -24 - -31. Is n(u) a composite number?
False
Is (-6656)/(-6) - (-1)/(-3) prime?
True
Suppose 4*t = 2449 + 1235. Suppose l + 3*y - y - t = 0, -5 = -5*y. Is l a prime number?
True
Suppose 5*m = p + 264932 - 29842, -3*m + 141076 = -5*p. Is m composite?
False
Let s = 24 + -19. Suppose -7*z - s*m + 395 = -2*z, -4*m = -z + 79. Is z composite?
False
Let y = 484 - -1143. Suppose d - y = -o + 593, 3*o = 4*d - 8873. Is d prime?
False
Let y = 19 + -20. Is 56 + (-3)/((-3)/y) a prime number?
False
Is 8705 + ((-928)/174 - 4/6) a composite number?
False
Suppose -3032 - 1628 = 2*s. Let y = -1572 - s. Is y a prime number?
False
Let a(x) be the third derivative of -x**5/60 + 19*x**4/8 - 23*x**3/2 + 7*x**2. Is a(23) composite?
True
Suppose 9*z - 9 = 9. Suppose 1102 - 374 = 4*l. Suppose 3*r - l = -z*w, w = -w + 8. Is r prime?
False
Suppose 2*t - 12604 = -2*g - 3652, 5*g + 2*t - 22371 = 0. Is ((-2)/3)/((-14)/g) - 2 composite?
False
Let j(k) = 16*k**2 - 3*k - 3. Suppose -27 - 1 = -v - 5*g, 0 = -4*v + 2*g + 2. Suppose 5*b - 1 = 4*f - 3, b = -v*f - 8. Is j(f) a composite number?
False
Let k be (-4)/6*(-1614)/(-4). Let g = k + 419. Suppose 2*v + 34 = g. Is v a prime number?
False
Let b = 1519 + -909. Suppose -4*y + b = -1722. Is y a prime number?
False
Suppose 2*b + 4*c = 11526, 4*b + 3*c = 2393 + 20684. Is b composite?
True
Let s = -501 - -839. Let x = -1 + s. Is x prime?
True
Suppose -b - 1 = -3*t, 0*t = 5*b + 2*t - 12. Suppose -5*z - w - 2*w = -7, b*w + 2 = 0. Is (-3 - (-3 - 413)) + z composite?
True
Is 58/(-1)*(3 + 412/(-8)) composite?
True
Suppose 2*f - 4*y = 44, 5*f + 5*y = 2*y + 123. Let n be 1986/f*8/2. Let r = n + -204. Is r composite?
False
Suppose 3*a + 5*x = 33, -4*a + 2*a - 3*x = -23. Is 6/a + 56104/64 prime?
True
Let d(b) = -248*b - 47. Is d(-8) composite?
True
Let o(d) = 2*d**2 - 3*d. Let l be o(4). Suppose -l = t + 35. Let q = 132 + t. Is q prime?
False
Suppose -10745 - 55849 = -6*u. Is u composite?
True
Suppose w = -2*c + 19181, -5*c + 35*w + 47933 = 31*w. Is c composite?
True
Is ((-214)/14)/((-75)/32025) a composite number?
True
Suppose 41*i + 231 - 1357618 = 0. Is i a prime number?
True
Suppose 353 = 3*u + 5*l, 0 = -0*u - u + 2*l + 103. Is u composite?
True
Let p be 6380/10 - (1 + -5). Let b = 1336 - p. Is b a composite number?
True
Suppose 0*t + 4*t - 4*a - 348 = 0, -a = t - 83. Suppose -5*w - t = -380. Suppose 2*x + 4*p - 55 = w, x - 58 = -p. Is x a composite number?
False
Let u(v) = 570*v**2 - 29*v + 56. Is u(11) a prime number?
False
Let y be 1/(-6) - (-152)/48 - -1. Is (10/3 - 4)/(y/(-3246)) a prime number?
True
Suppose 4*g + 22 = 82. Let p be 6/g - (-933)/5. Suppose -4*c = 47 - p. Is c composite?
True
Let a be (1 + 5)*(-10635)/(-45). Suppose -2*b = -b + 5*p - 687, p + a = 2*b. Is b composite?
True
Let h(w) = 43*w + 15. Let q(r) = 2*r**3 - 4*r**2 + r + 2. Let v be q(2). Is h(v) a composite number?
True
Let y(v) = 25*v**3 - 7*v**2 + 4*v + 5. Is y(6) a prime number?
False
Suppose 0 = 2*r - 38 + 6. Let y be (r/(-20))/((-1)/1630). Suppose 0*m = -4*m + y. Is m prime?
False
Suppose 25655 = 90*b - 85*b. Is b composite?
True
Let f(m) = -